vided by l.
2
Suppose 2*i + 6 = -4*c, 9*i - 5*i = -5*c + 3. Suppose 0*y - 110 = -2*y. Suppose 5*d + 0*d - y = 0. What is the remainder when d is divided by i?
4
Suppose -10*c = -37*c + 675. Calculate the remainder when 273 is divided by c.
23
Suppose 50*y - 158 = -8. What is the remainder when 11 is divided by y?
2
Let h be ((-51)/(-9) - -7)/(2/15). Suppose -67 - h = -9*y. Calculate the remainder when 89 is divided by y.
17
What is the remainder when 6*(-322)/(-21) + 5 is divided by 51?
46
Let u(k) = -k**3 + k**2 + 2*k. Let h be u(0). Suppose -5*y - 4*v + 308 = -3*v, h = 2*y - 4*v - 132. Calculate the remainder when y is divided by 16.
14
Suppose 0 = 5*f - 7 - 333. Suppose -56 = -3*c - 4*t, -3*c + 16 = -3*t - t. Calculate the remainder when f/3 + 2/6 is divided by c.
11
Suppose -35*t + 494 = 3*t. Suppose x = 6*x - 3*o - 28, 0 = 4*x + 3*o - 17. What is the remainder when t is divided by x + -4 - (-6 - 1)?
5
Suppose 21*p - 66 = 15*p. Calculate the remainder when 72 is divided by p.
6
Let j be (5/(15/12))/(-1 - 1). What is the remainder when 36 is divided by ((-95)/(-15))/(j/(-6))?
17
Let j(i) = -17. Let x(a) = a + 16. Let n(y) = 3*j(y) + 4*x(y). Calculate the remainder when n(12) is divided by 16.
13
Let g(r) = 7*r + 183. Suppose 0*w - 32 = -4*w. Calculate the remainder when g(-22) is divided by w.
5
Suppose 4*m - 9*m = -5. What is the remainder when (3 + -1 + 35)/m is divided by 13?
11
Let s(w) = w**3 - w**2 - 4*w. Let i be s(0). Suppose -17*z + 6*z + 66 = i. Calculate the remainder when 21 is divided by z.
3
Let o(w) = -w. Let l(d) = -d**2 - 12*d + 21. Let y(p) = -l(p) + o(p). Calculate the remainder when y(-15) is divided by 4.
3
Let i be 3 + (0 - 1) - 6. Let h be (-32)/(-24)*6/i. Calculate the remainder when 4 is divided by ((-1)/h + -1)*-4.
0
Calculate the remainder when 277836/685 - (2 - 7/5) is divided by 34.
31
Let k = 75 + -71. Suppose -6 = r + 3*z, k*r - 8*z - 36 = -5*z. What is the remainder when 34 is divided by r?
4
Suppose -2*o + 5*n + 10 = 0, 2 = 2*o - 4*n + n. Let g = o + 36. What is the remainder when g is divided by 11?
9
Suppose 5*b - 10 = -0*b. Suppose 6 = -b*n + 12. Calculate the remainder when 22 is divided by n.
1
Suppose 5*m - 4*k = -5 + 97, 0 = -4*m + 3*k + 73. Calculate the remainder when 50 is divided by m.
2
Suppose 0 = -4*a + 2*y - y - 193, -4*a + 3*y - 187 = 0. Let l = 123 + a. Let v(t) = -14*t - 3. What is the remainder when l is divided by v(-2)?
24
Let d = 141 + -85. Suppose 21*v - 17*v = d. Calculate the remainder when 77 is divided by v.
7
Let k = 809 - 545. What is the remainder when k is divided by -5 - (-43)/3*3?
36
Suppose 0*r = 2*r - 2*c - 36, 74 = 3*r + c. Suppose 85*b - 99*b + 84 = 0. What is the remainder when r is divided by b?
5
Let p(q) = -q**3. Let z be p(-2). Suppose 0 = -h + 3*h - z. Suppose -h*x - 275 = -4*c - x, -15 = 3*x. What is the remainder when c is divided by 17?
14
Suppose 5*j - o - 160 = 0, -3*j + 4*o - 59 = -155. What is the remainder when (-3128)/187*33/(-6) is divided by j?
28
Suppose 4*w + m - 2 = 0, -5*m = w - 5 + 14. Let d = -44 - -24. Let h = w - d. Calculate the remainder when 82 is divided by h.
19
Let c(h) be the third derivative of -h**4/24 + 5*h**3/6 + 5*h**2. Let b be c(6). Let v(p) = 12*p**2 - 1. What is the remainder when 43 is divided by v(b)?
10
Calculate the remainder when (9/(-36))/((7/(-268))/7) is divided by 21.
4
Calculate the remainder when ((-159)/(-9))/((-6)/(-18)) is divided by ((-10)/8)/(1/(-24)) - 3.
26
Let x = 28 - 13. Let r(p) = p - 10. Let t be r(x). Suppose -t*f = -13 + 3. What is the remainder when 3 is divided by f?
1
Let u(k) = k**3 - 8*k**2 - 2*k + 7. Let m be u(8). Let x = 16 + m. Suppose 10*l = x*l + 39. Calculate the remainder when 24 is divided by l.
11
Suppose -3*b + 1853 = m, -6*b + 3092 = -b - 2*m. What is the remainder when (3/9)/(2/b) is divided by 13?
12
Suppose -5*w = -7*w - 2*w. Suppose w = d - 2 - 9. Calculate the remainder when d is divided by 5.
1
Calculate the remainder when -3 - -2*(-29)/(-2) is divided by -18*((-5)/2)/5.
8
Let a be (-339)/(-2)*(-4)/(-6). Let g = -75 + a. Calculate the remainder when g is divided by 11.
5
Let f = -228 + 249. Let x be (-10)/(-35) + (-1796)/14. Let h = -68 - x. Calculate the remainder when h is divided by f.
18
Suppose -14*a = -19*a - 2*q + 160, 87 = 3*a + 3*q. What is the remainder when 2277 is divided by a?
33
Let o(j) = 2*j**2 + 73. Calculate the remainder when o(10) is divided by 55.
53
Suppose 122 = 14*w - 284. Let x(j) = j**2 - j - 4. Let f be x(4). Let q = f + 7. What is the remainder when w is divided by q?
14
Let x = 433 - 426. Calculate the remainder when 153 is divided by x.
6
Let n = 47 - -164. Suppose -164 = -5*v + n. What is the remainder when v is divided by 16?
11
Let d(u) = -u**3 - 3*u**2 + 12*u + 3. What is the remainder when (4/(-8))/((-1)/310) is divided by d(-6)?
38
Suppose 3*r = -2*v + 138, 2*r + 8*v - 12*v = 76. Calculate the remainder when r is divided by 15.
14
Suppose -g - l = -18 + 4, -2*g + 29 = 3*l. Let w = 84 - 34. Calculate the remainder when w is divided by g.
11
Suppose 170 = -5*q - 4*h, 3*h - 78 - 57 = 5*q. Let p = q + 81. What is the remainder when p is divided by 14?
9
Suppose 0 = -9*m + 6288 + 12684. Calculate the remainder when m is divided by 16.
12
Suppose w + 44 = 12*w. Suppose 28 = 4*g + 2*l, -10 = -2*g - 3*l + w. Calculate the remainder when 10 is divided by g.
3
Let c = -34 + 61. Let z = -3 + c. What is the remainder when 69 is divided by z?
21
Suppose 0 = 10*y - 5*y - 15. Suppose y*g - 30 = -2*g. Calculate the remainder when 14 is divided by g.
2
Let c(m) = -m**3 + 5*m**2 + 17*m - 18. Calculate the remainder when 127 is divided by c(6).
31
Let h(v) = -4 + 1 - v + 22 - 2. Suppose 32 = 4*k - 4. Calculate the remainder when 22 is divided by h(k).
6
Let r = -555 - -647. Calculate the remainder when 182 is divided by r.
90
Suppose -181 = -4*z - 4*k + 335, 4*z - 514 = -2*k. Calculate the remainder when 1406 is divided by z.
126
Let l(q) = -q**2 - q + 7. Let s be l(-4). Suppose 0 = -v + 25 + 2. What is the remainder when (-10)/s - -26*(-12)/(-3) is divided by v?
25
Suppose f = -5 + 9. Suppose 2*y - 184 = -4*z, 5*z = -y + f*z + 90. What is the remainder when y is divided by 23?
19
Let a(u) = 2*u**2 - 11*u + 10. Suppose -2*z - 24 = -5*z. Calculate the remainder when a(z) is divided by ((-14)/21)/((-2)/39)*1.
11
Suppose 120 = 5*h + 25. Let z(c) = 3*c**3 + 2*c**2 + 2*c - 3. Calculate the remainder when z(2) is divided by h.
14
Let b = 0 - -1. Suppose 10*v - 14*v - 24 = 0. Let x(a) = -a**2 - 8*a - 9. What is the remainder when x(v) is divided by b?
0
Let z = -351 - -359. What is the remainder when 445 is divided by z?
5
Suppose -3*d + 51 = 3*l, 3*l + 13*d - 51 = 9*d. What is the remainder when 25 is divided by l?
8
Suppose -3*g - 1 + 13 = 0. Let w = 85 + -80. Suppose w = d - 0. Calculate the remainder when d is divided by g.
1
What is the remainder when 0/2 - 1*-93 is divided by 2 + 19 + (6 - 1) + 6?
29
Let r = 22 - 10. Let y = -2610 - -2617. Calculate the remainder when r is divided by y.
5
Let u(m) = -5*m + 29. Let q(a) = 4*a - 29. Let y(g) = -7*q(g) - 6*u(g). Calculate the remainder when y(7) is divided by 15.
13
Let i = -6 - -10. Suppose -6 - 18 = -i*l. Suppose 9*d - 9 = l*d. Calculate the remainder when d is divided by 1.
0
Suppose 5*p = p + 144. Let j = -70 + 73. What is the remainder when p is divided by 147/14 + (j/(-2) - -1)?
6
Suppose 3*r + 2*v - 16 - 48 = 0, 0 = 5*r - 4*v - 136. Calculate the remainder when 279/r + (-3)/(-8) is divided by 5.
2
Let t = 139 - -69. What is the remainder when t is divided by 108?
100
Let r(f) = f**3 + 11*f**2 + 9*f + 11. Let o = -13 + 19. Suppose -12 - 48 = o*w. What is the remainder when 41 is divided by r(w)?
20
Let g = -81 + 168. Let o(h) = -h**3 - 7*h**2 - 7*h - 4. Let a be o(-6). Suppose a*x - g = -x. Calculate the remainder when x is divided by 8.
5
Let k = -6 - -15. Suppose 0 = 5*a - k*a + 16. Suppose 0 = c - a*q - 23, q + 2 = 1. What is the remainder when c is divided by 7?
5
Let s(f) = 3*f**2 + 2*f - 1. Let a be s(-3). Let u = 0 + a. What is the remainder when 50 is divided by u?
10
Let m(l) = 24*l**2 + 235*l - 13. What is the remainder when 117 is divided by m(-10)?
6
Suppose -3*q - 33 = 3*y - 174, -5*q - y + 223 = 0